3 + 7 = 2*r. Let q = r + -8. Let i = 17 + q. What is the remainder when 27 is divided by i?
13
Suppose -m = -3*m + 30. Let q = m - 10. Let n = -18 + 32. Calculate the remainder when n is divided by q.
4
Suppose q + 2 = 13. Let k = 5 + q. What is the remainder when 3/2*k/6 is divided by 2?
0
Suppose 0*s = 3*s - 51. Calculate the remainder when 19/76 + 259/4 is divided by s.
14
Calculate the remainder when (-4)/(-14) + (-486)/(-14) is divided by 19.
16
Let m = 25 + -19. Calculate the remainder when 29 is divided by m.
5
Let k = 388 - 322. Suppose 77 = 4*h + 9. What is the remainder when k is divided by h?
15
What is the remainder when -6 - -62 - (2 + 1) is divided by 18?
17
Suppose b + 4 = 0, -h + 41 = -2*b - 1. Calculate the remainder when h is divided by 19.
15
Suppose 0 = -3*l + 8 + 10. What is the remainder when l is divided by 3?
0
Suppose 0*o + 5*o + 5 = 0, -4*x = -2*o - 30. Calculate the remainder when 31 is divided by x.
3
Suppose g = 2*g - 4. Let n = g - -13. Calculate the remainder when 48 is divided by n.
14
Suppose -2 = v - 2*c - 13, 4*v + 5*c = 44. Calculate the remainder when v is divided by 11.
0
Let m = 24 - 20. What is the remainder when 30 is divided by ((-2)/4)/(m/(-88))?
8
Calculate the remainder when 45 is divided by (-46)/(3*-1 - (-3 + 2)).
22
Let a(z) = z**3 + 4*z**2 + 5. Let i be a(-4). Suppose -3*u - 217 = -5*j, u = -i*j + 216 + 5. Calculate the remainder when 1/((-86)/j - -2) is divided by 8.
6
Suppose 0 = -2*f + f + 6. Let x(o) be the third derivative of o**4/12 - o**3 + 2*o**2. What is the remainder when f is divided by x(5)?
2
Suppose -t - f + 4*f = 12, -3*t - 5*f + 6 = 0. Let s(o) = 2*o**2 + 3*o + 4. What is the remainder when s(t) is divided by (-27)/(-4) + 1/4?
6
Let n(u) = 4*u - 13. Suppose s + 2*z + 63 = 4*s, -4*s = 5*z - 84. What is the remainder when s is divided by n(6)?
10
Let u = 9 + -5. Suppose 3*v = 7 - 1. Suppose 12 = 2*p - u*l, v*p - 53 = -l - 16. Calculate the remainder when 30 is divided by p.
14
Suppose -3*b + 656 = 167. Suppose 0 = -4*p + 45 + b. Suppose 5*y + 37 = 3*r, -4*r + y = -3*y - p. Calculate the remainder when r is divided by 4.
2
Suppose 7*j - 3*j - 104 = 0. Calculate the remainder when 51 is divided by j.
25
Suppose -4*r = -0*r - 172. Calculate the remainder when r is divided by 2/5 - 2/(30/(-219)).
13
Suppose 0*x = x + 5*w - 134, 5*w - 25 = 0. Suppose -6*t - x = -t + 3*o, 2*o + 111 = -5*t. Let h = t - -38. Calculate the remainder when h is divided by 8.
7
Let y be (-5)/(-20) - (-23)/4. What is the remainder when (39/2)/(y/8) is divided by 14?
12
Suppose s + 2*s - 15 = -3*p, 5*p = 5*s - 15. Suppose s*g + 4*y - 112 = 0, 84 = 4*g + 2*y - 20. Calculate the remainder when g is divided by 13.
11
Let j = 8 + -3. Let n = j + 3. What is the remainder when 14 is divided by n?
6
Suppose 0 = 2*y + 2*y + 28. Let q(o) = 4 - 2 + 5*o + 2*o + 8*o**2 - o + o**3. What is the remainder when q(y) is divided by 5?
4
Suppose -4*w + 3*w + 89 = 0. Calculate the remainder when w is divided by -2*(0 - (-23)/(-2)).
20
Suppose 0 = -2*s - 0*s - 116. Let p = s - -88. What is the remainder when p is divided by 16?
14
Suppose -5 + 3 = 2*z. Let f be (3 + -3)*(-1)/z. Suppose -4*h = y - 34, f = 2*h - h - y - 6. What is the remainder when 23 is divided by h?
7
Suppose -5*y = k - 204, 2*k - 128 = -3*y - 0*y. What is the remainder when y is divided by 11?
7
Let l = -7 - -8. Suppose 7 = y + l. Suppose 2*i - 2*x - 38 = -2*i, 3*i - 28 = x. Calculate the remainder when i is divided by y.
3
Suppose -4*t + 0*t + 16 = 0. Suppose z = -4*b + 57, -t*b = -9*b + 4*z + 45. Calculate the remainder when 50 is divided by b.
11
Let s be 4/(-10) - 34/(-10). Let i(y) = -y**2 + 5*y + 1. What is the remainder when 20 is divided by i(s)?
6
Suppose 4*x - 3 = 1. Suppose v = x + 3. Suppose 3*m - 4*n - 5 = 0, -n + 3 = 2*m - v. Calculate the remainder when 7 is divided by m.
1
Let t = -7 - -27. Calculate the remainder when 1*56 + (1 - -1) is divided by t.
18
Let p = -27 + 87. What is the remainder when 236 is divided by p?
56
Suppose -5*v = -32 + 2. Suppose 3*w + 2*c - 97 = v*c, w - 32 = c. Calculate the remainder when w is divided by 11.
9
Suppose 0 = 9*s - 29 - 70. Calculate the remainder when ((-82)/(-3))/((-2)/(-3)) is divided by s.
8
Suppose 0 = -2*b - 5*i + 6, -4*b = -6*b - 3*i + 10. Calculate the remainder when (-126)/(-10) + 6/15 is divided by b.
5
Let g be (-2 + (-7)/(-3))*6. Let f be 4/18 + 669/27. Suppose 3*u = g*q + 23, 4*u - f = 4*q + 3. Calculate the remainder when u is divided by 4.
1
Let j be (-10)/45 - 76/(-18). Suppose j*w = u + 4 - 29, u + w = 0. What is the remainder when 8 is divided by u?
3
Let q = 75 + 10. Calculate the remainder when q is divided by 22.
19
Let t(g) = -g**2 + 11. Let s be (-4)/(-16) - (-2)/(-8). What is the remainder when 32 is divided by t(s)?
10
What is the remainder when 14 is divided by ((-24)/(-48))/(2/16)?
2
Suppose -f + 13 = 5*j, 0 = j + 2*j - 2*f. Suppose -3*u + 60 = -u - 2*d, 2*d = -3*u + 90. Let k = j + u. Calculate the remainder when k is divided by 11.
10
Let g(r) = -r**3 - 9*r**2 - 10*r - 3. What is the remainder when g(-8) is divided by 5?
3
Let z = -14 + 5. Let v(k) = 3*k - 4. Let i be v(z). Let q = 43 + i. Calculate the remainder when 35 is divided by q.
11
Let o be (-36)/(-10) - (-6)/15. Suppose 1 + 11 = o*x. Suppose 2*y - 2*z + z - 15 = 0, -x*z = 3*y - 36. What is the remainder when y is divided by 5?
4
Suppose 0 = -4*l - 20 - 4. Let p = l - -19. Calculate the remainder when p is divided by 7.
6
Let d(v) = -3*v + 6. Let f be d(4). Let o(u) = -u**3 - 6*u**2 - 3*u. Calculate the remainder when o(f) is divided by 7.
4
Suppose 4*f - 19 = k, -f = 2*k + 3*f + 74. Let i = -22 - k. Suppose i = 2*v - v. What is the remainder when 25 is divided by v?
7
Let o = -56 - -78. What is the remainder when o is divided by (-9)/(-6)*(-20)/(-6)?
2
Suppose -3*b - 2*g - 4 = -g, 2*b + 6 = -4*g. Let j be ((-26)/(-1))/(1 - b). Let c = j + -4. Calculate the remainder when 25 is divided by c.
7
Let t = -2 - -2. Suppose t = -0*y + y - 9. What is the remainder when 34 is divided by y?
7
Calculate the remainder when 3 is divided by 1/(((-21)/(-9))/7).
0
Let d = -7 + 6. Let s be d/(125/(-62) + 2). Suppose -5*x = 3*i - s, -7*i + 5*x = -2*i - 90. What is the remainder when 36 is divided by i?
17
Let a(r) = r**3 - r**2 - r + 21. Let x be a(0). Suppose b + x = -0*b. Let q = 17 - b. Calculate the remainder when q is divided by 13.
12
Suppose -2*z + 4*q = -2, -3*z - z - q = -13. Calculate the remainder when 7 is divided by z.
1
Suppose 4*p = 3*p + 4. Suppose -5*a = 3*y + 98 - 252, -99 = -3*a - p*y. What is the remainder when a is divided by 15?
14
Let h(y) = -4*y + 52. What is the remainder when 127 is divided by h(5)?
31
Suppose 0 = 3*g - 10 - 35. Let h = g + -2. Calculate the remainder when (3 - 5)*49/(-2) is divided by h.
10
Let t = -34 + 56. What is the remainder when t is divided by 5?
2
Let m(c) be the first derivative of -3*c**4/4 + 2*c + 3. What is the remainder when m(-2) is divided by 9?
8
Suppose -j + 11 = 2*r - 2*j, 4*r - 4*j - 28 = 0. Let s(u) = -u**2 - 7*u + 4. Calculate the remainder when s(-6) is divided by r.
2
Let p(j) = j**2 + 4*j - 18. What is the remainder when 40 is divided by p(-8)?
12
Suppose -o = -2*a + 32, -3*a + o = -4*o - 62. Calculate the remainder when 95 is divided by a.
11
Let a = 9 - -7. What is the remainder when 95 is divided by a?
15
Suppose 5*v + 5*b - 26 = -1, 5 = v + 5*b. Suppose 3*x - x + 42 = 0. What is the remainder when -4 - (2 + -4) - x is divided by v?
4
Suppose -3*k + 2 = -2*k. Let y(a) = a**3 + 3*a**2 - 2*a + 4. Let m be y(-3). Let v = -6 + m. What is the remainder when v is divided by k?
0
Let n(v) = -2*v - 8. Let y be n(-6). Suppose 18 = 4*f - 2*i, -y*i = -0*i - 20. Calculate the remainder when f is divided by 4.
3
Let p(l) = 86*l + 2. Let n be p(1). What is the remainder when (n/(-6))/((-18)/81) is divided by 17?
15
Suppose 3*k - 5*u - 4085 = 0, 2830 = 2*k - 3*u + 106. What is the remainder when k/30 + (-1)/(-2) is divided by 16?
14
Suppose 4*v - 2 = -18. Let g = 59 + v. Suppose 0 = -5*d + 25 + g. What is the remainder when d is divided by 6?
4
Suppose -b + 3*o = -2 - 19, b + 4*o - 14 = 0. Calculate the remainder when 52 is divided by b.
16
Let n(u) = u**2 - 5*u - 33. What is th